010?
True
Does 4842 divide 962461865?
False
Is 52136780 a multiple of 130?
False
Does 890 divide 39359275?
False
Does 12 divide 434090470?
False
Is 307437294 a multiple of 174?
True
Does 8 divide 21219504?
True
Is 20 a factor of 866312400?
True
Does 1305 divide 381468465?
True
Is 391614660 a multiple of 5?
True
Is 190 a factor of 146026590?
True
Is 2951313664 a multiple of 52?
True
Is 38708964 a multiple of 63?
True
Does 14 divide 62005328?
True
Does 74 divide 47485913?
False
Is 3277456 a multiple of 20?
False
Does 17 divide 18148299?
True
Is 3 a factor of 438637551?
True
Is 35 a factor of 247442650?
True
Is 60 a factor of 1660463940?
True
Is 249790866 a multiple of 26?
True
Does 7 divide 11296944?
False
Is 13645 a factor of 2131608802?
False
Does 700 divide 110828900?
True
Does 203 divide 6552248?
False
Is 823 a factor of 4235046?
False
Is 1078343790 a multiple of 7?
False
Is 454 a factor of 53622517?
False
Is 512 a factor of 51436544?
True
Does 22 divide 148709726?
True
Does 12 divide 10670628?
True
Does 1063 divide 1455535073?
True
Is 71 a factor of 27225150?
False
Is 570 a factor of 299250?
True
Does 76 divide 854743880?
True
Is 1031904300 a multiple of 140?
True
Does 297 divide 6173739?
True
Does 3038 divide 38557856?
False
Is 343861318 a multiple of 8?
False
Is 140371915 a multiple of 295?
True
Is 27036321 a multiple of 163?
True
Is 18 a factor of 382104100?
False
Is 21511710 a multiple of 18?
True
Is 7179525 a multiple of 639?
False
Does 966 divide 3507040613?
False
Does 283 divide 46828010?
True
Is 1483 a factor of 46328657?
False
Is 685379969 a multiple of 929?
True
Is 1423 a factor of 49129919?
False
Is 378539187 a multiple of 3260?
False
Is 1697531245 a multiple of 6100?
False
Does 1000 divide 234690115?
False
Does 194 divide 117751201?
False
Is 67 a factor of 2195114453?
False
Does 13 divide 107831191?
True
Does 2801 divide 13370549?
False
Does 103 divide 73194581?
True
Is 207417061 a multiple of 881?
False
Does 73 divide 137071078?
True
Does 1167 divide 53165019?
True
Is 49329755 a multiple of 67?
True
Does 7736 divide 281188128?
True
Is 2695680 a multiple of 810?
True
Does 1751 divide 2456988163?
False
Is 5977781 a multiple of 9?
False
Is 32 a factor of 1179168159?
False
Does 25 divide 33379375?
True
Is 14 a factor of 4498606?
True
Is 1071222590 a multiple of 29?
True
Is 802904760 a multiple of 1316?
True
Does 1115 divide 2317863110?
False
Is 10272912 a multiple of 978?
True
Does 252 divide 292605516?
True
Is 29 a factor of 796525890?
True
Is 1149772232 a multiple of 1064?
True
Does 17 divide 3562231?
True
Is 9162858 a multiple of 3?
True
Is 11 a factor of 899999936?
True
Is 5686138535 a multiple of 77?
True
Does 29 divide 99456642?
False
Does 13 divide 40906242?
True
Is 55 a factor of 41468013?
False
Does 8911 divide 151084922?
False
Is 914469843 a multiple of 20?
False
Is 724 a factor of 632329292?
True
Is 813873962 a multiple of 14?
False
Is 707809664 a multiple of 16?
True
Is 503 a factor of 22749730?
False
Is 17 a factor of 172425807?
False
Does 15 divide 7265879?
False
Is 27 a factor of 100027143?
True
Is 21 a factor of 717929097?
False
Is 7 a factor of 106943487?
True
Does 5 divide 1400075314?
False
Does 26 divide 54980424?
False
Does 3252 divide 305144916?
True
Is 24142678 a multiple of 94?
True
Does 424 divide 30506791?
False
Is 40470304 a multiple of 532?
True
Is 90958030 a multiple of 31?
True
Is 17 a factor of 86989374?
True
Does 12 divide 235726803?
False
Is 1709716708 a multiple of 7?
True
Does 2258 divide 857809091?
False
Is 55667490 a multiple of 1570?
True
Is 21213632 a multiple of 1462?
False
Does 8 divide 11553294?
False
Does 76 divide 845089404?
False
Does 407 divide 10419534?
False
Is 19646594 a multiple of 34?
True
Does 20 divide 6581680?
True
Is 512654598 a multiple of 3380?
False
Is 763 a factor of 1850206330?
True
Does 16 divide 2311074560?
True
Is 80 a factor of 9587356?
False
Does 53 divide 12262948?
False
Is 339 a factor of 1334375868?
True
Is 66498716 a multiple of 1603?
False
Is 491 a factor of 293584612?
True
Is 12 a factor of 326224056?
True
Does 337 divide 14013743?
False
Is 13 a factor of 36888098?
True
Does 201 divide 96991746?
True
Does 630 divide 408094037?
False
Is 218390619 a multiple of 125?
False
Is 419 a factor of 477921937?
False
Is 27456298 a multiple of 350?
False
Does 985 divide 336053435?
True
Is 837 a factor of 143455464?
False
Is 296 a factor of 138537176?
True
Is 12 a factor of 3507984?
True
Is 16 a factor of 102267588?
False
Is 350 a factor of 730475200?
True
Is 4 a factor of 177676624?
True
Is 97954120 a multiple of 209?
True
Is 91643555 even?
False
Does 130 divide 16156893?
False
Does 284 divide 31165873?
False
Is 477682290 a multiple of 10?
True
Is 50 a factor of 663938967?
False
Does 594 divide 209348766?
True
Is 2032 a factor of 413602829?
False
Is 174023009 a multiple of 2347?
True
Is 150 a factor of 26655000?
True
Is 21986783 a multiple of 41?
True
Is 2 a factor of 2300010?
True
Is 1003 a factor of 2570774661?
False
Does 63 divide 389104821?
True
Is 675377589 a multiple of 921?
True
Is 4553340 a multiple of 284?
False
Is 708146033 a multiple of 1746?
False
Is 664 a factor of 1060056744?
True
Is 143046344 a multiple of 13?
False
Is 34 a factor of 3387658?
True
Does 4572 divide 2787128832?
False
Does 7 divide 501578406?
True
Does 16 divide 28986515?
False
Is 129952072 a multiple of 173?
False
Is 1545334942 a multiple of 21?
False
Does 11 divide 16623087?
False
Does 1982 divide 232322112?
True
Is 12 a factor of 39051692?
False
Does 433 divide 67602558?
True
Is 234 a factor of 312369045?
False
Does 6874 divide 910388891?
False
Is 2045224291 a multiple of 13?
False
Does 33 divide 745428694?
False
Is 21846592 a multiple of 64?
True
Does 42 divide 123322796?
False
Does 54 divide 2085261337?
False
Is 154 a factor of 11956868?
True
Is 40581800 a multiple of 410?
True
Is 5125 a factor of 63725812?
False
Is 1888 a factor of 41086656?
True
Is 33 a factor of 14767170?
True
Is 243 a factor of 17365208?
False
Is 918977540 a multiple of 26?
True
Does 180 divide 2625196?
False
Is 7 a factor of 135108246?
True
Is 49335578 a multiple of 70?
False
Is 3358044525 a multiple of 79?
False
Is 2356 a factor of 30783757?
False
Is 100 a factor of 1610892900?
True
Is 210 a factor of 171250170?
True
Does 36 divide 2561915?
False
Does 21 divide 1403115?
True
Is 144545972 a multiple of 211?
True
Does 32 divide 106585332?
False
Is 36576716 a multiple of 22?
True
Is 308579347 a multiple of 639?
False
Does 3700 divide 251003372?
False
Is 16031330 a multiple of 1058?
False
Is 1325206690 a multiple of 569?
True
Is 73266931 a multiple of 1626?
False
Does 17 divide 24202574?
False
Is 9907594 a multiple of 114?
False
Is 46 a factor of 56406640?
False
Is 883231506 a multiple of 2637?
True
Is 123 a factor of 1456320?
True
Does 273 divide 609278388?
False
Is 111487326 a multiple of 231?
False
Is 164899447 a multiple of 1778?
False
Does 5 divide 668736105?
True
Is 2278205 a multiple of 8?
False
Is 1196956375 a multiple of 76?
False
Is 243 a factor of 34521037?
False
Is 395897935 a multiple of 145?
False
Is 15016925 a multiple of 27?
False
Does 261 divide 274823865?
True
Is 26 a factor of 338380952?
True
Does 7 divide 10217074?
True
Does 567 divide 39828348?
True
Does 10 divide 33139114?
False
Does 16 divide 1357427024?
True
Does 271 divide 11493110?
True
Is 21 a factor of 8630664?
True
Is 1752525075 a multiple of 220?
False
Is 21326757 a multiple of 1596?
False
Is 11864 a multiple of 599?
False
Is 582541390 a multiple of 1585?
True
Does 612 divide 200631960?
True
Is 351 a factor of 92898831?
False
Does 17 divide 92140020?
False
Is 143 a factor of 6178315?
True
Is 132638056 a multiple of 107?
True
Is 701 a factor of 21923629?
False
Is 51239372 a multiple of 172?
False
Is 4788 a factor of 255698744?
False
Is 176193498 a multiple of 114?
True
Does 398 divide 7348725?
False
Does 23 divide 1418532102?
False
Is 11699450 a multiple of 403?
False
Is 5 a factor of 198897635?
True
Is 710 a factor of 138571742?
False
Is 2538 a factor of 519954746?
False
Does 60 divide 17953200?
True
Is 11 a factor of 126415754?
False
Does 296 divide 23264416?
True
Is 1368268053 a multiple of 534?
False
Is 12308868 a multiple of 198?
True
